{"id":76,"date":"2024-03-01T00:30:49","date_gmt":"2024-03-01T00:30:49","guid":{"rendered":"https:\/\/lucreativos.com\/?page_id=76"},"modified":"2024-04-11T02:31:46","modified_gmt":"2024-04-11T02:31:46","slug":"nosotros","status":"publish","type":"page","link":"https:\/\/lucreativos.com\/?page_id=76","title":{"rendered":"Nosotros"},"content":{"rendered":"<div data-colibri-id=\"76-c1\" class=\"style-328 style-local-76-c1 position-relative\">\n  <!---->\n  <div data-colibri-component=\"section\" data-colibri-id=\"76-c2\" id=\"about\" class=\"h-section h-section-global-spacing d-flex align-items-lg-center align-items-md-center align-items-center style-357 style-local-76-c2 position-relative\">\n    <!---->\n    <!---->\n    <div class=\"h-section-grid-container h-section-boxed-container\">\n      <!---->\n      <div data-colibri-id=\"76-c3\" class=\"h-row-container gutters-row-lg-0 gutters-row-md-0 gutters-row-0 gutters-row-v-lg-0 gutters-row-v-md-0 gutters-row-v-0 style-358 style-local-76-c3 position-relative\">\n        <!---->\n        <div class=\"h-row justify-content-lg-center justify-content-md-center justify-content-center align-items-lg-stretch align-items-md-stretch align-items-stretch gutters-col-lg-0 gutters-col-md-0 gutters-col-0 gutters-col-v-lg-0 gutters-col-v-md-0 gutters-col-v-0\">\n          <!---->\n          <div class=\"h-column h-column-container d-flex h-col-lg-auto h-col-md-auto h-col-auto style-359-outer style-local-76-c4-outer\">\n            <div data-colibri-id=\"76-c4\" class=\"d-flex h-flex-basis h-column__inner h-ui-empty-state-container h-px-lg-0 h-px-md-0 h-px-0 v-inner-lg-0 v-inner-md-0 v-inner-0 style-359 style-local-76-c4 position-relative\">\n              <!---->\n              <!---->\n              <div class=\"w-100 h-y-container h-column__content h-column__v-align flex-basis-100\">\n                <!---->\n              <\/div>\n            <\/div>\n          <\/div>\n          <div class=\"h-column h-column-container d-flex h-col-lg-auto h-col-md-auto h-col-auto style-360-outer style-local-76-c5-outer\">\n            <div data-colibri-id=\"76-c5\" class=\"d-flex h-flex-basis h-column__inner h-px-lg-2 h-px-md-2 h-px-2 v-inner-lg-2 v-inner-md-2 v-inner-2 style-360 style-local-76-c5 position-relative\">\n              <!---->\n              <!---->\n              <div class=\"w-100 h-y-container h-column__content h-column__v-align flex-basis-100 align-self-lg-start align-self-md-start align-self-start\">\n                <!---->\n                <div data-colibri-id=\"76-c6\" class=\"h-global-transition-all h-heading style-361 style-local-76-c6 position-relative h-element\">\n                  <!---->\n                  <div class=\"h-heading__outer style-361 style-local-76-c6\">\n                    <!---->\n                    <!---->\n                    <h5 class=\"\">NOSOTROS<\/h5>\n                  <\/div>\n                <\/div>\n                <div data-colibri-id=\"76-c7\" class=\"h-global-transition-all h-heading style-362 style-local-76-c7 position-relative h-element\">\n                  <!---->\n                  <div class=\"h-heading__outer style-362 style-local-76-c7\">\n                    <!---->\n                    <!---->\n                    <h2 class=\"\"><em style=\"font-family: &quot;Playfair Display&quot;;\">Ama, Crea, Inspira<\/em><\/h2>\n                  <\/div>\n                <\/div>\n                <div data-colibri-id=\"76-c8\" class=\"h-text h-text-component style-363 style-local-76-c8 position-relative h-element\">\n                  <!---->\n                  <!---->\n                  <div class=\"\">\n                    <p>Somos una empresa, con amplia experiencia en dise\u00f1o grafico, digital e impreso, dise\u00f1o web, audiovisual y promocionales.<\/p>\n                    <p>Contamos con personal capacitado en el ramo y con la mejor tecnolog\u00eda para desarrollar tus proyectos profesionales.<\/p>\n                  <\/div>\n                <\/div>\n              <\/div>\n            <\/div>\n          <\/div>\n        <\/div>\n      <\/div>\n    <\/div>\n  <\/div>\n  <div data-colibri-component=\"section\" data-colibri-id=\"76-c9\" id=\"overlappable\" class=\"h-section h-section-global-spacing d-flex align-items-lg-center align-items-md-center align-items-center style-390 style-local-76-c9 position-relative\">\n    <!---->\n    <!---->\n    <div class=\"h-section-grid-container h-section-boxed-container\">\n      <!---->\n      <div data-colibri-id=\"76-c10\" class=\"h-row-container gutters-row-lg-2 gutters-row-md-0 gutters-row-2 gutters-row-v-lg-2 gutters-row-v-md-0 gutters-row-v-2 style-391 style-local-76-c10 position-relative\">\n        <!---->\n        <div class=\"h-row justify-content-lg-center justify-content-md-center justify-content-center align-items-lg-stretch align-items-md-stretch align-items-stretch gutters-col-lg-2 gutters-col-md-0 gutters-col-2 gutters-col-v-lg-2 gutters-col-v-md-0 gutters-col-v-2\">\n          <!---->\n          <div class=\"h-column h-column-container d-flex h-col-lg-4 h-col-md-4 h-col-12 style-392-outer style-local-76-c11-outer\">\n            <div data-colibri-id=\"76-c11\" class=\"d-flex h-flex-basis h-column__inner h-px-lg-2 h-px-md-3 h-px-2 v-inner-lg-0 v-inner-md-3 v-inner-2 style-392 style-local-76-c11 position-relative\">\n              <!---->\n              <!---->\n              <div class=\"w-100 h-y-container h-column__content h-column__v-align flex-basis-100 align-self-lg-start align-self-md-start align-self-start\">\n                <!---->\n                <div data-colibri-id=\"76-c12\" class=\"d-block style-396 style-local-76-c12 position-relative h-element\">\n                  <!---->\n                  <div class=\"h-image__frame-container-outer\">\n                    <div class=\"h-image__frame-container\">\n                      <!---->\n                      <!---->\n                      <img loading=\"lazy\" decoding=\"async\" width=\"354\" height=\"354\" src=\"https:\/\/lucreativos.com\/wp-content\/uploads\/2024\/04\/Mision.png\" class=\"wp-image-346 style-396-image style-local-76-c12-image\" alt=\"\" srcset=\"https:\/\/lucreativos.com\/wp-content\/uploads\/2024\/04\/Mision.png 354w, https:\/\/lucreativos.com\/wp-content\/uploads\/2024\/04\/Mision-300x300.png 300w, https:\/\/lucreativos.com\/wp-content\/uploads\/2024\/04\/Mision-150x150.png 150w\" sizes=\"auto, (max-width: 354px) 100vw, 354px\" \/>\n                      <div class=\"h-image__frame h-hide-lg h-hide-md h-hide-sm style-396-frameImage style-local-76-c12-frameImage\"><\/div>\n                    <\/div>\n                  <\/div>\n                <\/div>\n                <div data-colibri-id=\"76-c13\" class=\"h-global-transition-all h-heading style-394 style-local-76-c13 position-relative h-element\">\n                  <!---->\n                  <div class=\"h-heading__outer style-394 style-local-76-c13\">\n                    <!---->\n                    <!---->\n                    <h5 class=\"\">MISI\u00d3N<\/h5>\n                  <\/div>\n                <\/div>\n                <div data-colibri-id=\"76-c14\" class=\"h-text h-text-component style-395 style-local-76-c14 position-relative h-element\">\n                  <!---->\n                  <!---->\n                  <div class=\"\">\n                    <p>Ser un despacho que brinde la mejor atenci\u00f3n y calidad de nuestros servicios, proporcionando soluciones que satisfagan las necesidades y expectativas de nuestros clientes.<\/p>\n                  <\/div>\n                <\/div>\n              <\/div>\n            <\/div>\n          <\/div>\n          <div class=\"h-column h-column-container d-flex h-col-lg-4 h-col-md-4 h-col-12 style-392-outer style-local-76-c15-outer\">\n            <div data-colibri-id=\"76-c15\" class=\"d-flex h-flex-basis h-column__inner h-px-lg-2 h-px-md-3 h-px-2 v-inner-lg-0 v-inner-md-3 v-inner-2 style-392 style-local-76-c15 position-relative\">\n              <!---->\n              <!---->\n              <div class=\"w-100 h-y-container h-column__content h-column__v-align flex-basis-100 align-self-lg-start align-self-md-start align-self-start\">\n                <!---->\n                <div data-colibri-id=\"76-c16\" class=\"d-block style-397 style-local-76-c16 position-relative h-element\">\n                  <!---->\n                  <div class=\"h-image__frame-container-outer\">\n                    <div class=\"h-image__frame-container\">\n                      <!---->\n                      <!---->\n                      <img loading=\"lazy\" decoding=\"async\" width=\"354\" height=\"354\" src=\"https:\/\/lucreativos.com\/wp-content\/uploads\/2024\/04\/Vision.png\" class=\"wp-image-348 style-397-image style-local-76-c16-image\" alt=\"\" srcset=\"https:\/\/lucreativos.com\/wp-content\/uploads\/2024\/04\/Vision.png 354w, https:\/\/lucreativos.com\/wp-content\/uploads\/2024\/04\/Vision-300x300.png 300w, https:\/\/lucreativos.com\/wp-content\/uploads\/2024\/04\/Vision-150x150.png 150w\" sizes=\"auto, (max-width: 354px) 100vw, 354px\" \/>\n                      <div class=\"h-image__frame h-hide-lg h-hide-md h-hide-sm style-397-frameImage style-local-76-c16-frameImage\"><\/div>\n                    <\/div>\n                  <\/div>\n                <\/div>\n                <div data-colibri-id=\"76-c17\" class=\"h-global-transition-all h-heading style-394 style-local-76-c17 position-relative h-element\">\n                  <!---->\n                  <div class=\"h-heading__outer style-394 style-local-76-c17\">\n                    <!---->\n                    <!---->\n                    <h5 class=\"\">VISI\u00d3N<\/h5>\n                  <\/div>\n                <\/div>\n                <div data-colibri-id=\"76-c18\" class=\"h-text h-text-component style-395 style-local-76-c18 position-relative h-element\">\n                  <!---->\n                  <!---->\n                  <div class=\"\">\n                    <p>Ser un despacho de dise\u00f1o enfocado por llenar las expectativas de nuestros clientes y as\u00ed mejorar su calidad de vida.<\/p>\n                  <\/div>\n                <\/div>\n              <\/div>\n            <\/div>\n          <\/div>\n          <div class=\"h-column h-column-container d-flex h-col-lg-4 h-col-md-4 h-col-12 style-392-outer style-local-76-c19-outer\">\n            <div data-colibri-id=\"76-c19\" class=\"d-flex h-flex-basis h-column__inner h-px-lg-2 h-px-md-3 h-px-2 v-inner-lg-0 v-inner-md-3 v-inner-2 style-392 style-local-76-c19 position-relative\">\n              <!---->\n              <!---->\n              <div class=\"w-100 h-y-container h-column__content h-column__v-align flex-basis-100 align-self-lg-start align-self-md-start align-self-start\">\n                <!---->\n                <div data-colibri-id=\"76-c20\" class=\"d-block style-398 style-local-76-c20 position-relative h-element\">\n                  <!---->\n                  <div class=\"h-image__frame-container-outer\">\n                    <div class=\"h-image__frame-container\">\n                      <!---->\n                      <!---->\n                      <img loading=\"lazy\" decoding=\"async\" width=\"354\" height=\"354\" src=\"https:\/\/lucreativos.com\/wp-content\/uploads\/2024\/04\/Valores.png\" class=\"wp-image-347 style-398-image style-local-76-c20-image\" alt=\"\" srcset=\"https:\/\/lucreativos.com\/wp-content\/uploads\/2024\/04\/Valores.png 354w, https:\/\/lucreativos.com\/wp-content\/uploads\/2024\/04\/Valores-300x300.png 300w, https:\/\/lucreativos.com\/wp-content\/uploads\/2024\/04\/Valores-150x150.png 150w\" sizes=\"auto, (max-width: 354px) 100vw, 354px\" \/>\n                      <div class=\"h-image__frame h-hide-lg h-hide-md h-hide-sm style-398-frameImage style-local-76-c20-frameImage\"><\/div>\n                    <\/div>\n                  <\/div>\n                <\/div>\n                <div data-colibri-id=\"76-c21\" class=\"h-global-transition-all h-heading style-394 style-local-76-c21 position-relative h-element\">\n                  <!---->\n                  <div class=\"h-heading__outer style-394 style-local-76-c21\">\n                    <!---->\n                    <!---->\n                    <h5 class=\"\">VALORES<\/h5>\n                  <\/div>\n                <\/div>\n                <div data-colibri-id=\"76-c22\" class=\"h-text h-text-component style-395 style-local-76-c22 position-relative h-element\">\n                  <!---->\n                  <!---->\n                  <div class=\"\">\n                    <p>Ser creativos y profesionales cada uno de los proyectos, trabajando coneficiencia, compromiso y responsabilidad, manej\u00e1ndonosla con \u00e9tica, honestidad, excelencia y trabajo en equipo.<\/p>\n                  <\/div>\n                <\/div>\n              <\/div>\n            <\/div>\n          <\/div>\n        <\/div>\n      <\/div>\n    <\/div>\n  <\/div>\n<\/div>","protected":false},"excerpt":{"rendered":"<p>NOSOTROS Ama, Crea, Inspira Somos una empresa, con amplia experiencia en dise\u00f1o grafico, digital e impreso, dise\u00f1o web, audiovisual y promocionales. Contamos con personal capacitado en el ramo y con la mejor tecnolog\u00eda para desarrollar tus proyectos profesionales. MISI\u00d3N Ser un despacho que brinde la mejor atenci\u00f3n y calidad de nuestros servicios, proporcionando soluciones que [&hellip;]<\/p>\n","protected":false},"author":1,"featured_media":0,"parent":0,"menu_order":2,"comment_status":"closed","ping_status":"closed","template":"page-templates\/full-width-page.php","meta":{"footnotes":""},"class_list":["post-76","page","type-page","status-publish","hentry"],"_links":{"self":[{"href":"https:\/\/lucreativos.com\/index.php?rest_route=\/wp\/v2\/pages\/76","targetHints":{"allow":["GET"]}}],"collection":[{"href":"https:\/\/lucreativos.com\/index.php?rest_route=\/wp\/v2\/pages"}],"about":[{"href":"https:\/\/lucreativos.com\/index.php?rest_route=\/wp\/v2\/types\/page"}],"author":[{"embeddable":true,"href":"https:\/\/lucreativos.com\/index.php?rest_route=\/wp\/v2\/users\/1"}],"replies":[{"embeddable":true,"href":"https:\/\/lucreativos.com\/index.php?rest_route=%2Fwp%2Fv2%2Fcomments&post=76"}],"version-history":[{"count":20,"href":"https:\/\/lucreativos.com\/index.php?rest_route=\/wp\/v2\/pages\/76\/revisions"}],"predecessor-version":[{"id":700,"href":"https:\/\/lucreativos.com\/index.php?rest_route=\/wp\/v2\/pages\/76\/revisions\/700"}],"wp:attachment":[{"href":"https:\/\/lucreativos.com\/index.php?rest_route=%2Fwp%2Fv2%2Fmedia&parent=76"}],"curies":[{"name":"wp","href":"https:\/\/api.w.org\/{rel}","templated":true}]}}